e the greatest common factor of 1932 and 61740.
84
Calculate the highest common divisor of 18745 and 805.
115
What is the highest common factor of 5992 and 3794?
14
Calculate the highest common factor of 445608 and 216.
216
Calculate the highest common divisor of 715 and 35802.
13
Calculate the highest common divisor of 10984 and 104.
8
What is the highest common factor of 24734 and 498?
166
What is the greatest common factor of 39506 and 2?
2
Calculate the highest common factor of 148736 and 8632.
664
What is the greatest common divisor of 1006790 and 10917?
1213
Calculate the greatest common divisor of 14 and 2956982.
14
What is the greatest common divisor of 1027292 and 112?
28
What is the highest common factor of 5964 and 798?
42
Calculate the greatest common factor of 391267 and 703.
19
Calculate the greatest common divisor of 10385 and 134000.
335
What is the greatest common divisor of 2674 and 9?
1
Calculate the highest common factor of 4655511 and 14.
7
Calculate the highest common factor of 264 and 27368.
88
What is the highest common divisor of 277 and 103?
1
What is the highest common factor of 14104 and 40672?
328
Calculate the highest common factor of 457428 and 30.
6
Calculate the greatest common factor of 1984 and 9856.
64
Calculate the highest common divisor of 16476 and 312.
12
Calculate the greatest common factor of 1904 and 1258.
34
What is the greatest common divisor of 70720 and 480?
160
Calculate the greatest common factor of 2936 and 152.
8
Calculate the highest common factor of 434 and 11984.
14
Calculate the greatest common divisor of 1580 and 287876.
316
What is the greatest common factor of 60385 and 65?
65
Calculate the greatest common divisor of 16378 and 152.
38
Calculate the highest common divisor of 147 and 98735.
49
Calculate the highest common factor of 68 and 10302.
34
What is the highest common divisor of 3863419 and 7?
7
Calculate the highest common factor of 3 and 215139.
3
Calculate the greatest common divisor of 30387 and 112.
7
Calculate the greatest common divisor of 1701 and 56196.
63
Calculate the highest common factor of 630 and 21510.
90
Calculate the highest common factor of 808 and 6184.
8
Calculate the highest common divisor of 76928 and 1152.
128
What is the highest common factor of 90035 and 55?
55
What is the greatest common factor of 329 and 351701?
329
What is the highest common factor of 1696 and 117395?
53
What is the highest common factor of 8028 and 19284?
12
What is the highest common divisor of 1098928 and 4?
4
What is the greatest common divisor of 441 and 813141?
63
Calculate the highest common divisor of 2258 and 34.
2
What is the highest common factor of 302845 and 5365?
185
Calculate the highest common divisor of 45 and 2961.
9
What is the highest common divisor of 243 and 495828?
27
What is the greatest common divisor of 135 and 1164?
3
Calculate the highest common factor of 2130 and 4617130.
710
Calculate the highest common factor of 238 and 22428.
14
Calculate the greatest common factor of 64 and 52224.
64
Calculate the highest common divisor of 1314 and 16866.
18
Calculate the greatest common divisor of 2322 and 4386.
258
Calculate the highest common divisor of 942038 and 206.
206
Calculate the highest common factor of 13272 and 118263.
237
Calculate the highest common divisor of 66119 and 74.
37
What is the greatest common divisor of 167638 and 107161?
1061
What is the greatest common divisor of 2119 and 299?
13
Calculate the greatest common divisor of 4806708 and 36.
12
What is the highest common factor of 29458 and 4576?
286
What is the greatest common factor of 24592 and 371?
53
Calculate the highest common divisor of 136579 and 61.
61
Calculate the greatest common divisor of 957 and 9273.
33
Calculate the highest common factor of 191776 and 416.
416
What is the highest common divisor of 5796 and 861?
21
Calculate the highest common divisor of 159895 and 452.
113
What is the highest common divisor of 5287964 and 88?
44
Calculate the highest common factor of 359973 and 423.
423
What is the highest common factor of 858 and 5434?
286
What is the highest common divisor of 383 and 1201471?
383
What is the greatest common factor of 561 and 6138?
33
What is the greatest common divisor of 21895 and 3775?
755
What is the greatest common factor of 41615 and 2755?
145
What is the highest common divisor of 1430 and 7904?
26
What is the highest common factor of 7004 and 697?
17
What is the greatest common factor of 6808 and 7774?
46
Calculate the greatest common factor of 6761176 and 58.
58
Calculate the greatest common divisor of 311 and 143371.
311
Calculate the greatest common divisor of 102840 and 90.
30
Calculate the highest common divisor of 165 and 71115.
165
Calculate the highest common factor of 417664 and 13.
13
Calculate the highest common factor of 192 and 26688.
192
Calculate the highest common factor of 290 and 10179.
29
What is the greatest common divisor of 24 and 121104?
24
What is the highest common factor of 27232 and 25208?
184
Calculate the highest common divisor of 252 and 26138.
14
What is the greatest common factor of 195808 and 580?
116
What is the highest common divisor of 1074 and 2573662?
358
What is the highest common divisor of 4160 and 1620?
20
What is the highest common divisor of 417062 and 453?
151
What is the highest common divisor of 576 and 74484?
36
What is the highest common divisor of 41 and 17276703?
41
Calculate the highest common divisor of 759983 and 8456.
1057
Calculate the highest common divisor of 366 and 16592.
122
What is the greatest common divisor of 792 and 355806?
198
What is the highest common factor of 90 and 170214?
6
Calculate the greatest common divisor of 38980 and 140.
20
Calculate the greatest common factor of 9193 and 783.
29
What is the highest common divisor of 55380 and 78?
78
What is the greatest common factor of 213678 and 10368?
162
What is the greatest common divisor of 279 and 112869?
9
What is the highest common factor of 72 and 4928?
8
What is the greatest common divisor of 1341 and 3576?
447
What is the highest common divisor of 6222 and 918?
102
Calculate the greatest common factor of 71617 and 104.
13
What is the greatest common divisor of 3385 and 235?
5
What is the highest common divisor of 928 and 663752?
232
Calculate the highest common factor of 72005 and 5.
5
What is the greatest common divisor of 20 and 208730?
10
Calculate the highest common divisor of 817 and 98556.
43
What is the highest common factor of 12 and 9308?
4
What is the greatest common factor of 4144 and 11914?
518
What is the highest common divisor of 1461418 and 9212?
658
Calculate the highest common factor of 180 and 50796.
36
Calculate the highest common factor of 1469707 and 38.
19
What is the highest common divisor of 123345 and 153?
9
Calculate the greatest common factor of 1470 and 30380.
490
Calculate the highest common divisor of 735 and 441.
147
What is the greatest common divisor of 358 and 430?
2
What is the highest common divisor of 223119 and 26?
13
What is the greatest common divisor of 254 and 42799?
127
What is the greatest common factor of 730141 and 179?
179
Calculate the highest common divisor of 236 and 3788.
4
What is the greatest common divisor of 34889 and 1251?
139
Calculate the greatest common divisor of 91 and 593996.
13
Calculate the highest common factor of 303480 and 315.
45
Calculate the greatest common factor of 138 and 4152.
6
Calculate the highest common divisor of 8823 and 4947.
51
What is the greatest common divisor of 8204 and 308?
28
What is the highest common divisor of 12132 and 38898?
18
Calculate the greatest common divisor of 14469 and 8463.
273
Calculate the greatest common factor of 340 and 173060.
340
Calculate the highest common factor of 14600 and 23400.
200
What is the highest common factor of 142 and 169903?
71
What is the highest common divisor of 19558 and 80518?
254
Calculate the greatest common divisor of 1612360 and 1165.
1165
What is the highest common factor of 575 and 51911?
23
Calculate the greatest common divisor of 688 and 249658.
86
What is the highest common factor of 1547 and 476119?
119
What is the greatest common factor of 320 and 1401920?
320
Calculate the highest comm